5*b = -n - 4, -4*b + 0*n - 16 = 4*n. Let u = b + m. What is the units digit of u?
4
Suppose -48 = -5*x + x. What is the tens digit of x?
1
What is the hundreds digit of (-2513)/(-21) - 1/6*-2?
1
Let x(d) = -38*d + 16. What is the hundreds digit of x(-4)?
1
Let s(o) = -2*o + 11. Let c(x) = -2*x + 10. Let g(w) = -4*c(w) + 3*s(w). Let b(y) = -y. Let v(m) = -3*b(m) - g(m). What is the units digit of v(-5)?
2
Suppose -8*c + 1467 + 805 = 0. What is the hundreds digit of c?
2
Let f(o) = o**3 - 8*o**2 + 11*o + 3. What is the tens digit of f(7)?
3
Let n = 35 - 17. Let r = 4 - 12. Let j = n + r. What is the tens digit of j?
1
Let p = 1 - 1. Suppose p*t = 2*t - 6. Suppose -3*m = 4*j - 29, -t*j = 2*j + 4*m - 35. What is the units digit of j?
1
Let q(j) = -j**2 - 5*j - 4. Let z be q(-3). Suppose 7*w = z*w. What is the units digit of (w - (-2)/(-8))*-4?
1
Suppose 0 = -4*p - 0*p + 44. What is the units digit of p?
1
Let m = 11 + 32. What is the units digit of m?
3
Suppose 0 = 4*j + 3*y - 99 + 9, -5*y - 53 = -3*j. Suppose -3*i - i = -v + j, -2*v = 4*i - 42. Let s = v + -8. What is the tens digit of s?
1
Let d(b) = b**2 - 6*b + 4. Let y(v) = v**2 - 11*v + 7. Let o(f) = 5*d(f) - 3*y(f). What is the units digit of o(3)?
6
Let x(r) = r**2 + 10*r - 6. Let t be x(-11). Suppose -57 = -4*v + t*y, -3*v = -2*y - 30 - 4. What is the units digit of v?
8
Suppose -150 = -w - 2*p, 5*p = 5*w - 560 - 235. What is the tens digit of (6/(-9))/((-8)/w)?
1
Let q(x) be the first derivative of -x**2 + 4. What is the units digit of q(-2)?
4
Suppose -l = 4*l. Suppose 5*o - 5 = -l. Let p = 8 - o. What is the units digit of p?
7
Let w be (3 - 2)/((-1)/(-5)). Suppose -3*q + 2*r = -31, 4*r = -w*q - 0*r + 15. Let a(p) = -p**3 + 7*p**2 + 2*p - 9. What is the units digit of a(q)?
5
Let i be 58/4 - (-11)/(-22). Suppose 4 = -4*d, 0 = w - 0*d + 2*d - i. What is the units digit of w?
6
What is the units digit of 126/(-10)*40/(-12)?
2
Let v be (22/(-6))/(5/(-15)). Suppose -5*j + 29 = -v. What is the units digit of j?
8
Let b(x) be the second derivative of x**4/12 + x**3/6 + x**2/2 + x. Let g be (-9)/27 - 10/6. What is the units digit of b(g)?
3
Let v(p) = 7*p**3 + 2*p**2 - 2*p + 1. Suppose -i - 8 = -5*i. Let a = 3 - i. What is the units digit of v(a)?
8
Let w = 12 + -4. Let u be 82/8 + (-2)/w. What is the tens digit of u + 3 + -3 + 3?
1
Let t be (-46)/(-3) + 20/(-15). Suppose -5*v - t = -69. What is the tens digit of v?
1
Suppose 0 = -4*v + 2*v - 22. Let k = 2 - 17. Let r = v - k. What is the units digit of r?
4
Let i(a) = 2*a**2 + 9*a - 3. Let s(g) = -3*g**2 - 8*g + 2. Let w(f) = 4*i(f) + 3*s(f). What is the tens digit of w(10)?
1
Let o = -33 - -9. What is the units digit of (3 - (1 - o))/(-1)?
2
Let x(s) = s**2 + 5*s - 1. Let h be x(-6). Let l = h + -10. What is the units digit of 1/((-1)/l*1)?
5
Let n = 1 + 1. Suppose 3 - 5 = -n*v. What is the units digit of (4*2)/2 - v?
3
Suppose -186*n = -190*n + 592. What is the hundreds digit of n?
1
Let r(j) = -18*j**3. Let f = -7 + 6. What is the tens digit of r(f)?
1
Let x(c) = 22*c + 79. What is the hundreds digit of x(14)?
3
Let t be 140/8 + 2/4. Suppose t = -2*p + a, 2*a = 2*p + 16 - 0. What is the units digit of (8/p)/(8/(-60))?
6
Let c be -5*(-1)/(10/6). Suppose -b - c*b + 86 = 2*q, 0 = 5*q - b - 270. What is the tens digit of q?
5
Let x(i) = -6*i**2 - 3*i**2 + 0*i**2 + i - 2*i. Let y be x(-1). Let l = y - -20. What is the tens digit of l?
1
Suppose 2*t + 5*w - 6 = 0, -w - 6 = -4*t + 2*t. Suppose -t*v + f + 66 = -2*f, -f - 94 = -4*v. Let a = 35 - v. What is the units digit of a?
1
Suppose 2*s + 86 = p - 2, 0 = -4*s - 4. What is the tens digit of p?
8
Let l = 118 - 172. What is the units digit of (-4)/18 + (-66)/l?
1
Suppose 7*t = 6*t + 31. What is the units digit of t?
1
Let h = -71 - -162. What is the tens digit of h?
9
Suppose -5*k - 21 = 9. What is the units digit of k*1/(-2) - -2?
5
Let f(r) = -r**3 + 6*r**2 - 2*r + 1. Let l be f(6). Let w = 15 + l. What is the units digit of w?
4
Suppose -3*r = -r - 4. Let q = 0 + r. What is the units digit of -5*(-1)/2*q?
5
Suppose -7*p + 4*a - 211 = -8*p, -186 = -p + a. What is the units digit of p?
1
Let k = 37 + 68. Suppose -5*l + 4*g = -g - k, -5*g = 20. What is the tens digit of l?
1
Suppose -k + 93 = -4*f, 0 = -3*k - f - 4*f + 313. What is the units digit of k?
1
Let z be 19/(-2) + (-3)/(-6). Let a be 2/z + (-114)/(-27). Suppose a*t = -1 + 33. What is the units digit of t?
8
Let j = 8 + -10. Let q = j + 4. Suppose -5*w + 0*w + 3 = u, 4*w = q*u - 34. What is the tens digit of u?
1
Suppose 4*m + 11 = 27. Let p = 16 - m. What is the units digit of p?
2
Let w be (-44)/(-12) - 2/3. Let a be 16/(-7) - (-8)/28. Let l = w - a. What is the units digit of l?
5
Suppose -4*a = -2*j + 328, -7*j + 2*j + 844 = 2*a. What is the tens digit of j?
6
Suppose -2*r - 8 = -2. Let v(x) = x**3 + 4*x**2 + x - 3. What is the units digit of v(r)?
3
Let y be 1/3*0 + 0. What is the units digit of 2 - (-22 - (y + 3))?
7
Let u = 4 - 1. Suppose -5*h = -a - 84, u*h + 5*a - 73 = -h. What is the units digit of h?
7
Suppose 5*x - 90 = -3*c, -3*c - 2*c - 5*x = -160. What is the units digit of c?
5
What is the units digit of 13 + -3 - 20/5?
6
Suppose -v - 4 = -8. Suppose -3 - 6 = -3*q, -v*c + 83 = 5*q. What is the tens digit of c?
1
Let x = 97 - 63. What is the units digit of x?
4
Let v be (-4)/(-18) + (-455)/63. Let r = v + 12. Suppose 0 = -d + 6 + r. What is the tens digit of d?
1
Suppose -4*d - 31 = 4*n + 1, -n + 1 = 0. Let k be 4/(-18) + (-47)/d. Suppose -k*f - 80 = -5*t, f - 39 - 5 = -4*t. What is the tens digit of t?
1
Suppose t + 74 = 2*y, -3*y = -0*y + 5*t - 111. Suppose 28 + y = 5*i. What is the units digit of i?
3
Suppose -j = 3*j - 112. What is the units digit of j?
8
Suppose 0 = 5*l - 11*l + 120. What is the units digit of l?
0
Let i(n) = -n - 2. Let o be i(6). Let u = -6 - o. What is the tens digit of 24/(3 - 1) + u?
1
Let p = 445 + -180. What is the units digit of p?
5
Suppose 4*u = -2*k - u + 134, -4*k = -u - 224. What is the tens digit of k?
5
Let l(t) = -t**2 + 7*t - 6. Let b be l(6). What is the units digit of 3 + b - 4 - -10?
9
Suppose 0*p = -p + 31. What is the units digit of p?
1
Suppose o + 298 = 2*a + 5*o, -4*a + 552 = -3*o. What is the tens digit of a?
4
Let t(j) = -j + 4 - j - 2. What is the units digit of t(-6)?
4
Suppose 2*p - 4*j + 1 = 11, 3*p + j - 1 = 0. Let b be -3 - (-3 + p + 1). What is the units digit of (-5)/2*(b - 0)?
5
Suppose 5*w + 84 = -76. Suppose 42 = 7*f - 9*f. Let n = f - w. What is the units digit of n?
1
What is the units digit of 70/8 + (-14)/(-56)?
9
Suppose 0 = t - 1 - 0, 4*o - 541 = -t. What is the hundreds digit of o?
1
Suppose 0 = 5*w - 416 - 64. What is the units digit of w?
6
Suppose 0*b - j = 2*b - 4, 0 = 3*j. Suppose 7 = b*w - w. What is the units digit of w?
7
Suppose b + 56 = -0. Let r = b - -81. What is the units digit of r?
5
Let y(d) = -d + 9. Let t be y(4). Let k = -1 + t. What is the units digit of ((-6)/k)/((-8)/16)?
3
Let z be ((-1)/3)/(12/(-72)). Suppose -z*l - 4*b = -78, -2*l - b + 93 = -2*b. What is the units digit of l?
5
Let z(d) = 119*d**2 + 4*d + 1. What is the tens digit of z(-1)?
1
Suppose 0 = 2*m + 4, w - 6*m = -5*m + 38. What is the units digit of w?
6
Suppose -207 - 178 = -5*s. What is the units digit of s?
7
Suppose 3*s - 2*x - 314 = -2*s, 0 = -3*s - x + 195. What is the units digit of s?
4
Let z = -16 - -19. Suppose -4*j + 9 = -z*j. What is the units digit of j?
9
Let m(f) = -f**3 + 14*f**2 - 4*f + 14. What is the tens digit of m(9)?
8
Suppose 2*p + 3 = 3*p. What is the units digit of p?
3
Suppose -654 - 422 = -4*g. What is the tens digit of g?
6
Suppose 4*p = 3*d - 550, -2*d = 2*d - 2*p - 720. What is the tens digit of d?
7
What is the units digit of (-4)/(4/(-87)) - 4?
3
Let o = -17 + 33. What is the units digit of o?
6
Suppose -5*m - 4 = 31. Let t(x) = -2*x - 2. What is the units digit of t(m)?
2
Suppose -56*g - 314 = -57*g. What is the hundreds digit of g?
3
Suppose 3*t - 119 = -5*s + 7*t, -120 = -5*s + 5*t. Suppose 4*m + 12 = p, -12 = 2*p + 4*m + 24. Let i = s + p. What is the units digit of i?
5
Let y = -42 - -182. What is the tens digit of y?
4
Suppose -69 = 6*u - 3*u. Let l = 40 + u. What is the tens digit of l?
1
Let t be 256 - -2*(-3)/(-2). Suppose 4